 c(-23)?
2, 17, 19
Let h = -133 + 1. Let d = -86 - h. List the prime factors of d.
2, 23
Let m = 2 - -10. List the prime factors of (5 + -2)/(m/36).
3
Let b(d) = -d + 2466. What are the prime factors of b(0)?
2, 3, 137
Let g(y) = 9*y**3 - 17*y**2 + 55*y - 11. List the prime factors of g(4).
3, 19
Suppose 3*z = -3*z + 12. Suppose 0 = -z*d + 14 + 160. List the prime factors of d.
3, 29
Let d(m) = m**3 - 5*m**2 + 3*m - 12. Let c be d(5). Let u be (-41 - -5)/((-2)/6). Suppose -i = 2*j - 29, c*j = 3*i + 2*j - u. List the prime factors of i.
5, 7
What are the prime factors of ((-146)/(-5))/((-5)/(-125))?
2, 5, 73
Let n(m) = -8*m - 22. Let b be n(-11). Suppose -3*w - 3*k = k + 78, -4*w + 4*k = 104. Let s = b + w. What are the prime factors of s?
2, 5
Suppose -2*s + 4 = z, 8 - 48 = -5*s + 5*z. Let u(w) = -13*w + 4. Let j(o) = 14*o - 5. Let h(l) = s*u(l) + 3*j(l). What are the prime factors of h(-3)?
31
Suppose -8*b + 19397 = 9*b. List the prime factors of b.
7, 163
Let d be 15/2*(-8)/(-6). Let l = 20 + d. Suppose -z = 2*t - 7*t - l, z - 28 = 4*t. What are the prime factors of z?
2, 5
Let d = 66 + -39. Suppose 20*v = d*v - 539. What are the prime factors of v?
7, 11
Suppose -4*i = 3*m - 50, -2*i = -i + 2*m - 10. List the prime factors of i.
2, 7
Let x = 274 - -937. What are the prime factors of x?
7, 173
Let p(a) = a**3 - 2*a**2 + 2*a - 2. Let g be p(2). Suppose -f + g*c + 6 = 0, -c - 3 = -5*f - 0*c. Let m = f - -13. What are the prime factors of m?
13
Let n(q) = -30*q + 2663. What are the prime factors of n(0)?
2663
Suppose 0 = 2*v + a - 540, 5*a - 4*a = -v + 271. What are the prime factors of v?
269
Suppose 0*f + 3*f = -2214. Let q be -5 + ((-16)/(-40))/(2/20). What are the prime factors of (7 - q)*f/(-72)?
2, 41
List the prime factors of 0 + (-1386)/(5 - 8).
2, 3, 7, 11
Let s be 5*(-1)/2*(-132)/110. List the prime factors of s/2 + (-7434)/(-36).
2, 13
Suppose 75 = -43*b + 38*b. What are the prime factors of (-1 - b)/(28/182)?
7, 13
Let d(i) = -60*i - 68. What are the prime factors of d(-10)?
2, 7, 19
Suppose 5*l = -3*f - 19, 0 = 5*f + 6*l - l + 15. Suppose -3*g = -f*g + 13. Let t = g - -19. What are the prime factors of t?
2, 3
Suppose -24*o = -h - 26*o + 586, -2860 = -5*h + 4*o. List the prime factors of h.
2, 3
Suppose y = 5 + 87. Let o = y - 29. Let a = o - 29. What are the prime factors of a?
2, 17
Let a = -1 - -6. Let p(v) = v**3 + 0*v**2 + a*v - 4*v**2 - 5 - v**2. List the prime factors of p(5).
2, 5
Let h(i) = 5*i**2 + 17*i - 16 - 6*i**2 + 6*i + 0*i. List the prime factors of h(16).
2, 3
What are the prime factors of (-93873)/(-57) - 8/(-76)?
3, 61
Let v(x) = -3*x**3 - 17*x**2 + 9*x + 19. What are the prime factors of v(-9)?
2, 11, 17
Let x(p) = -p**2 + 7*p + 8. Let q(j) = j + 8. Let y be q(0). Let o be x(y). List the prime factors of (0 + (1 - o))*20.
2, 5
Let w = -32 - -176. List the prime factors of w.
2, 3
Let h(w) = 6*w**3 - 5*w**2 + 2*w - 28. List the prime factors of h(5).
607
Let l = -13 + 10. Let p = 24 - 15. Let r = p + l. What are the prime factors of r?
2, 3
Suppose 2*y = q + 52 - 5, 4*y - 37 = q. Let l = 115 + q. What are the prime factors of l?
2, 29
Let o = -65 + 488. What are the prime factors of o?
3, 47
Suppose 2*z = g + 758, -3*g - 1720 - 175 = -5*z. Let r = z + -253. List the prime factors of r.
2, 3, 7
Let k = 9 - 4. Let n(l) be the third derivative of -l**6/120 + l**5/12 + l**4/6 + 7*l**3/6 - l**2 + 7*l. What are the prime factors of n(k)?
3
List the prime factors of -45*(5 + 395/(-25)).
2, 3
Let o(m) = m**2 - 4*m + 3. Let j be o(3). Suppose 7*b + b - 120 = j. List the prime factors of b.
3, 5
Suppose m + 4300 = 6*m. Let y be m/18 + 4/18. Suppose y = -0*c + 4*c. What are the prime factors of c?
2, 3
Let f be 4/22 + -1*124/(-44). Suppose 9*o - 504 = f*o. List the prime factors of o.
2, 3, 7
Let u be (1 + (-105)/(-2))*6. Let j(t) = t**3 + t**2 + t + 2. Let c be j(0). Suppose c*b + 5*d - 150 = -40, -5*b - d + u = 0. What are the prime factors of b?
5, 13
Let k = -296 - -452. What are the prime factors of (k/(-91))/((-4)/42)?
2, 3
Let f(y) = -195*y - 936. What are the prime factors of f(-23)?
3, 7, 13
Let w be 0 - (10/(-5) - 34). Let h = w + -15. Suppose -8*z + 11*z = h. What are the prime factors of z?
7
Suppose -5*r - 6 = -4*r. Let u(t) = -6*t**3 - 9*t + 6. Let s(n) = 7*n**3 + n**2 + 10*n - 7. Let l(h) = r*u(h) - 5*s(h). What are the prime factors of l(5)?
19
Let d = 1201 + -1013. What are the prime factors of d?
2, 47
Let h = -67 + 69. What are the prime factors of (h + -1)*-3 + 173?
2, 5, 17
Suppose -13*l + 53*l = 84480. What are the prime factors of l?
2, 3, 11
Let a(d) be the third derivative of -11*d**4/24 + 7*d**3/3 - 4*d**2. What are the prime factors of a(-9)?
113
Let c(q) be the first derivative of 2*q**3/3 + 3*q**2/2 + 2*q + 4. Let i be c(-2). Suppose -i*j = -3*j - 22. What are the prime factors of j?
2, 11
Let i = -118 - -114. List the prime factors of 0 + (154*-2)/i.
7, 11
Let p(x) = 345*x + 22. What are the prime factors of p(4)?
2, 701
Let g(c) = 80*c + 285. List the prime factors of g(11).
5, 233
Suppose -u = -2*h - 833, 0 = 12*u - 8*u + 4*h - 3356. List the prime factors of u.
3, 31
Let s(v) = 7*v + 4. Let q be 40/(-16)*8/(-5). Suppose 4 - 12 = -q*k. List the prime factors of s(k).
2, 3
Let r be (-2 + 1)/(2/2). Let u be -1 + (r + -2 - -1). What are the prime factors of ((-33)/(-22))/(u/(-32))?
2
Let t = 28 + -25. List the prime factors of ((-2)/t)/(26/(-897)).
23
Suppose 333*g - 332*g - 591 = 0. What are the prime factors of g?
3, 197
Suppose 0 = 4*q - 2*r - 46, -3*q + 3*r = -r - 42. What are the prime factors of (-1)/(q/5)*-4?
2
What are the prime factors of (-19)/114 + (-11414)/(-12)?
3, 317
Let v(j) = -j**3 - 4*j**2 - 2*j - 5. Let r be v(-4). Let a be 0 + 3 - (3 + -2). Suppose -2 = -r*s + a*s. List the prime factors of s.
2
Let k(d) be the second derivative of 3/2*d**2 + 8*d + 0 - 1/3*d**3. List the prime factors of k(-3).
3
Let w(p) = -p**2 - p + 1. Let x be w(-1). Suppose 9 = -4*g + x, 0 = 5*n - 4*g - 93. Let s = 26 - n. List the prime factors of s.
3
Let p(k) = k**2 - 5*k - 7. Let o be p(6). List the prime factors of -5 - o - 410/(-5).
2, 3, 13
What are the prime factors of (602/(-21))/(12/(-162))?
3, 43
Let k be (1 - 0)/((-6)/564). Let r = k - -49. What are the prime factors of 195/27 + 10/r?
7
Let f = 656 + -288. List the prime factors of f.
2, 23
Suppose 2*z - o = -144, o + 294 = -4*z + 6*o. Let f = z - -228. List the prime factors of f.
157
Suppose -v + 19 = -2*t + 6*t, 3*v = t + 5. Let b(c) = -c - 4. Let h be b(-6). Suppose 4*n = -2*x + 170, -v*n - h*x + 4 = -122. List the prime factors of n.
2, 11
Let n = -1333 + 2113. List the prime factors of n.
2, 3, 5, 13
Let d(i) be the first derivative of 7*i**6/360 - i**5/120 + 2*i**3/3 - 1. Let a(y) be the third derivative of d(y). List the prime factors of a(-1).
2
Let f(g) = -1 - 10*g**2 + 15*g**2 + g**3 - 2*g**3. What are the prime factors of f(2)?
11
Let z(i) = 2*i**2 + 3*i + 1. Let m be z(-1). Suppose -8*t + 11*t = m. Suppose -3*y - 2*f + 55 = t, 0*f + f + 4 = 0. List the prime factors of y.
3, 7
Suppose 31*a - 7410 = 5*a. What are the prime factors of a?
3, 5, 19
Suppose -4 = -f + 8. Let i = 12 - f. Suppose 2*j + 3*j = 5*q + 295, i = -j - 3*q + 75. What are the prime factors of j?
3, 7
What are the prime factors of ((-13)/(78/12))/6*-10959?
13, 281
Let r = 19 + -17. Let l(i) = 59*i**2 - 2*i - 1. Let a be l(-1). Suppose 3*m = -r*m + a. List the prime factors of m.
2, 3
Let d be (8/(-1))/(8/(-4)). Let c be (6/(-9))/(d/(-30)). Suppose 0 = f + 2, c*h - 53 = 2*f + 41. List the prime factors of h.
2, 3
Let b be (6 - 4)/(8/692). Suppose p + 4*a = -2*p + 261, -2*p - 3*a = -b. What are the prime factors of p?
7, 13
Let s(h) be the second derivative of h**5/20 + 2*h**4/3 - 5*h**3/6 + 5*h**2/2 + 8*h. What are the prime factors of s(-7)?
89
Let u(z) = -z**3 + 6*z**2 - 12*z. Let k(o) = -o**3 + 7*o**2 - 12*o. Let c(w) = -4*k(w) + 3*u(w). What are the prime factors of c(10)?
2, 3, 5
Let b(y) = 5*y + 33. Let a(m) = 5*m + 33. Let z(u) = -6*a(u) + 7*b(u). List the prime factors of z(15).
2, 3
Let o(x) be the first derivative of x**4/4 + x**3 + x**2/2 - 5*x - 1. Let l(k) = -12*k - 189. Let v be l(-16). What are the prime factors of o(v)?
2, 13
Let p(k) = -4*k**3